2651642077 a composite number?
True
Is 10481232359 prime?
False
Is 37012398077 a composite number?
True
Is 10092968263 a prime number?
False
Is 1436048539 a composite number?
True
Is 4463794177 prime?
True
Is 55004130059 composite?
False
Is 127257982093 a prime number?
False
Is 1497219641 composite?
False
Is 803412271 a prime number?
True
Is 215015389 a prime number?
True
Is 1029834607 prime?
True
Is 2980574123 a composite number?
True
Is 6889826429 a composite number?
True
Is 12999867043 a composite number?
False
Is 4407721663 prime?
True
Is 31692558377 a prime number?
True
Is 13210415303 composite?
False
Is 2760375287 a composite number?
True
Is 1961291711 prime?
False
Is 3760323293 a composite number?
True
Is 88063874161 a prime number?
True
Is 7570896071 a composite number?
False
Is 441820187 composite?
False
Is 11178218929 a prime number?
True
Is 261502687 composite?
True
Is 226128467 a prime number?
False
Is 201005789459 composite?
False
Is 479625643 a prime number?
False
Is 16240386703 a prime number?
False
Is 28600229 prime?
False
Is 17441935219 composite?
True
Is 289095967 a prime number?
False
Is 1406829143 a prime number?
False
Is 5073296851 a prime number?
False
Is 1260418703 a composite number?
False
Is 5235767287 a composite number?
True
Is 10972328183 a composite number?
True
Is 2196721031 composite?
False
Is 173753771 prime?
False
Is 488813371 a prime number?
True
Is 582316257 a composite number?
True
Is 1813701727 a composite number?
False
Is 7369346383 composite?
True
Is 205591382621 a prime number?
True
Is 1417371833 prime?
True
Is 898584041 a prime number?
False
Is 1136796457 a prime number?
True
Is 452262353 a composite number?
False
Is 1977457343 a prime number?
True
Is 59062877 composite?
False
Is 95364628313 a prime number?
True
Is 163016717 composite?
False
Is 1222903943 a prime number?
True
Is 16730880721 a prime number?
True
Is 57961898831 prime?
True
Is 1073990689 prime?
True
Is 725993137 a prime number?
False
Is 886814017 a composite number?
True
Is 4270147043 a composite number?
False
Is 19077253511 a prime number?
False
Is 831312203 composite?
False
Is 74356361 composite?
True
Is 7759708369 a composite number?
True
Is 86201092379 a prime number?
True
Is 289950546583 a composite number?
True
Is 155216980145 composite?
True
Is 99720545 a composite number?
True
Is 16720608253 a prime number?
True
Is 18794884349 composite?
True
Is 1846564403 a prime number?
True
Is 41019954623 composite?
False
Is 2727856289 prime?
True
Is 1294232249 a composite number?
True
Is 4424258809 a composite number?
True
Is 57973403945 a composite number?
True
Is 125770560943 prime?
False
Is 46860732697 a prime number?
False
Is 1674191329 a prime number?
False
Is 214882637 prime?
False
Is 368452493 a composite number?
False
Is 4437959347 a prime number?
False
Is 39360272447 prime?
True
Is 1505043481 prime?
False
Is 20587307099 a composite number?
False
Is 2289833083 composite?
False
Is 237501975703 composite?
False
Is 147092963 a composite number?
True
Is 71882297603 prime?
True
Is 8443378447 a composite number?
True
Is 200253719 a prime number?
True
Is 4629712963 a prime number?
True
Is 68901892613 composite?
True
Is 118250258345 a composite number?
True
Is 13434890071 prime?
True
Is 75793484119 a composite number?
False
Is 8534621 prime?
True
Is 187159729 composite?
False
Is 17326982557 composite?
False
Is 11344490981 composite?
False
Is 1573694753 composite?
True
Is 61770745109 a prime number?
True
Is 273914833 prime?
True
Is 3771315883 composite?
False
Is 71083517 composite?
False
Is 951982639 composite?
False
Is 119844485 prime?
False
Is 1282016902 a prime number?
False
Is 76082611 a composite number?
True
Is 30368794199 composite?
True
Is 346722427 prime?
False
Is 15152539169 composite?
True
Is 15746567 composite?
False
Is 15656384938 prime?
False
Is 342708739 a prime number?
True
Is 15935863649 a composite number?
False
Is 111531356603 a composite number?
False
Is 557771743 prime?
False
Is 2268287009 prime?
True
Is 955488189 a composite number?
True
Is 15098654345 a composite number?
True
Is 8745614833 prime?
False
Is 55614863 a prime number?
True
Is 23085776829 prime?
False
Is 484205437 composite?
True
Is 985935283 composite?
True
Is 1866639883 prime?
False
Is 901116523 prime?
False
Is 90808741 a prime number?
True
Is 286735993 composite?
True
Is 1955095529 a composite number?
False
Is 7173268579 composite?
False
Is 977281051 a prime number?
False
Is 809028919 prime?
True
Is 16512659437 a composite number?
True
Is 19654999691 a prime number?
True
Is 1440068087 a composite number?
False
Is 5624954787 a prime number?
False
Is 509368919 prime?
False
Is 21712129303 prime?
False
Is 33691191715 a composite number?
True
Is 6232659217 composite?
False
Is 109748887847 a prime number?
False
Is 4741356931 a composite number?
False
Is 758247397 a prime number?
False
Is 1476925213 prime?
True
Is 197607557751 a prime number?
False
Is 1232613623 a prime number?
False
Is 1061301691 a composite number?
False
Is 197848589 a composite number?
False
Is 16286201249 a composite number?
False
Is 2080395847 composite?
False
Is 166344072731 a composite number?
False
Is 2416750198 prime?
False
Is 138518267 a prime number?
False
Is 15244961 a prime number?
False
Is 346193641 prime?
True
Is 45443343131 a prime number?
False
Is 5684641499 prime?
False
Is 7424522419 composite?
False
Is 10659048369 a prime number?
False
Is 90547280449 a prime number?
False
Is 3386627683 composite?
False
Is 1158204287 a prime number?
True
Is 685076305 prime?
False
Is 611244631 a composite number?
True
Is 106424363 composite?
False
Is 21930864029 composite?
True
Is 21316369517 prime?
True
Is 8705740523 a prime number?
False
Is 202061296903 a composite number?
False
Is 1665367349 a composite number?
False
Is 606834989 a prime number?
False
Is 68301080189 composite?
False
Is 1493662985 prime?
False
Is 1418728643 prime?
False
Is 368782081 a prime number?
True
Is 13775924219 a prime number?
False
Is 1016004721 composite?
True
Is 19745693287 a composite number?
False
Is 968310793 composite?
False
Is 3281544857 prime?
True
Is 104544173 a prime number?
False
Is 177253680655 composite?
True
Is 1471466497 prime?
True
Is 88750532317 a composite number?
False
Is 37945446409 composite?
True
Is 687029509 prime?
True
Is 9319657463 prime?
True
Is 11298793787 a prime number?
False
Is 6322470373 composite?
False
Is 2903388889 a prime number?
True
Is 39391451149 a composite number?
True
Is 104808862319 a prime number?
False
Is 39938114921 prime?
True
Is 5399235353 a prime number?
False
Is 5489907343 a composite number?
True
Is 3767198537 a prime number?
True
Is 60694463861 prime?
False
Is 213021157 prime?
True
Is 119742167 prime?
True
Is 25197343 a prime number?
True
Is 36053385677 prime?
True
Is 1308797351 a composite number?
False
Is 105023963719 a composite number?
False
Is 2133859571 composite?
True
Is 20450985139 a prime number?
False
Is 170003083 a prime number?
False
Is 11799421759 a prime number?
True
Is 740798951 composite?
False
Is 22483916089 a prime number?
True
Is 7819424099 composite?
True
Is 12376851451 composite?
False
Is 81094049947 a prime number?
False
Is 13444101017 composite?
False
Is 15832284427 composite?
True
Is 1252898137 a composite number?
True
Is 9080970035 a composite number?
True
Is 22363129 prime?
True
Is 132612677 prime?
False
Is 191269538 a prime number?
False
Is 4026728071 composite?
True
Is 2058358171 prime?
False
Is 2345894357 composite?
True
Is 2416755805 prime?
False
Is 5760710337 a composite number?
True
Is 1923463277 prime?
False
Is 3169407649 composite?
False
Is 4253288779 prime?
False
Is 61566123 prime?
False
Is 902329393 a prime number?
False
Is 176395359865 a composite number?
True
Is 57456251 composite?
False
Is 3546521949 composite?
True
Is 132049097 composite?
False
Is 3885114413 composite?
True
Is 1026715801 composite?
True
Is 95386147 composite?
True
Is 5570465273 a prime number?
True
Is 3379297147 composite?
False
Is 76017149233 prime?
True
Is 6041860303 composite?
False
Is 18246833389 prime?
True
Is 3949524427 composite?
True
Is 300678920463 composite?
True
Is 633485539 composite?
False
Is 21128856473 a composite number?
False
Is 56891501 a prime